the remainder when 7611 is divided by 247.
201
Calculate the remainder when 30976 is divided by 164.
144
What is the remainder when 54039 is divided by 79?
3
What is the remainder when 12556 is divided by 66?
16
What is the remainder when 117218 is divided by 1584?
2
What is the remainder when 441266 is divided by 17?
14
What is the remainder when 20361 is divided by 98?
75
Calculate the remainder when 36779 is divided by 634.
7
What is the remainder when 1722 is divided by 1709?
13
What is the remainder when 41874 is divided by 712?
578
What is the remainder when 641741 is divided by 14?
9
Calculate the remainder when 10912 is divided by 992.
0
Calculate the remainder when 970429 is divided by 231.
229
What is the remainder when 2809 is divided by 1403?
3
Calculate the remainder when 920 is divided by 144.
56
Calculate the remainder when 995 is divided by 268.
191
What is the remainder when 27741 is divided by 1259?
43
What is the remainder when 1441413 is divided by 36?
9
Calculate the remainder when 6784 is divided by 848.
0
What is the remainder when 2195 is divided by 360?
35
What is the remainder when 43334 is divided by 27?
26
What is the remainder when 51915 is divided by 30?
15
What is the remainder when 2232 is divided by 318?
6
Calculate the remainder when 20569 is divided by 149.
7
Calculate the remainder when 64077 is divided by 188.
157
Calculate the remainder when 31257 is divided by 5183.
159
Calculate the remainder when 400023 is divided by 319.
316
Calculate the remainder when 902267 is divided by 4010.
17
Calculate the remainder when 5930 is divided by 8.
2
What is the remainder when 7629 is divided by 1511?
74
Calculate the remainder when 40710 is divided by 108.
102
What is the remainder when 31707 is divided by 808?
195
What is the remainder when 1807502 is divided by 1505?
1502
Calculate the remainder when 353287 is divided by 559.
558
Calculate the remainder when 26134 is divided by 108.
106
What is the remainder when 190913 is divided by 22?
19
Calculate the remainder when 8590 is divided by 2142.
22
Calculate the remainder when 431484 is divided by 71910.
24
Calculate the remainder when 78355 is divided by 16.
3
Calculate the remainder when 3989 is divided by 207.
56
What is the remainder when 123118 is divided by 432?
430
What is the remainder when 468338 is divided by 228?
26
Calculate the remainder when 138892 is divided by 576.
76
Calculate the remainder when 8731 is divided by 4253.
225
What is the remainder when 90605 is divided by 480?
365
Calculate the remainder when 51311 is divided by 13.
0
Calculate the remainder when 109953 is divided by 808.
65
What is the remainder when 4772 is divided by 55?
42
Calculate the remainder when 23902 is divided by 196.
186
What is the remainder when 1823 is divided by 57?
56
What is the remainder when 107937 is divided by 1636?
1597
What is the remainder when 3696847 is divided by 107?
104
What is the remainder when 25860 is divided by 509?
410
What is the remainder when 37060 is divided by 348?
172
Calculate the remainder when 2636 is divided by 455.
361
What is the remainder when 54692 is divided by 59?
58
Calculate the remainder when 1589 is divided by 578.
433
Calculate the remainder when 1861 is divided by 1488.
373
What is the remainder when 4095 is divided by 272?
15
What is the remainder when 90169 is divided by 22539?
13
What is the remainder when 26669 is divided by 149?
147
Calculate the remainder when 47641 is divided by 3.
1
Calculate the remainder when 938 is divided by 602.
336
Calculate the remainder when 130600 is divided by 340.
40
Calculate the remainder when 11058 is divided by 447.
330
What is the remainder when 4815 is divided by 135?
90
Calculate the remainder when 9524 is divided by 9499.
25
Calculate the remainder when 153077 is divided by 42.
29
What is the remainder when 3234 is divided by 95?
4
Calculate the remainder when 3435 is divided by 68.
35
Calculate the remainder when 31048 is divided by 15524.
0
What is the remainder when 1245 is divided by 476?
293
What is the remainder when 1421 is divided by 450?
71
Calculate the remainder when 164113 is divided by 6312.
1
What is the remainder when 84262 is divided by 17?
10
What is the remainder when 29505 is divided by 9835?
0
Calculate the remainder when 153119 is divided by 51027.
38
What is the remainder when 9777 is divided by 168?
33
What is the remainder when 6964 is divided by 3464?
36
Calculate the remainder when 4036 is divided by 336.
4
Calculate the remainder when 1794 is divided by 744.
306
What is the remainder when 32625 is divided by 165?
120
What is the remainder when 8789401 is divided by 52?
49
What is the remainder when 86726 is divided by 245?
241
Calculate the remainder when 1430479 is divided by 43.
41
Calculate the remainder when 8123 is divided by 2009.
87
Calculate the remainder when 18471 is divided by 640.
551
Calculate the remainder when 1888 is divided by 1816.
72
Calculate the remainder when 11603 is divided by 212.
155
What is the remainder when 138429 is divided by 206?
203
Calculate the remainder when 1369 is divided by 1132.
237
Calculate the remainder when 2311 is divided by 565.
51
What is the remainder when 157366 is divided by 732?
718
What is the remainder when 5087 is divided by 1068?
815
What is the remainder when 1328 is divided by 149?
136
What is the remainder when 150070 is divided by 47?
46
Calculate the remainder when 112192 is divided by 227.
54
Calculate the remainder when 3696 is divided by 55.
11
What is the remainder when 3353 is divided by 327?
83
What is the remainder when 1668 is divided by 525?
93
Calculate the remainder when 41145 is divided by 1582.
13
Calculate the remainder when 337 is divided by 50.
37
What is the remainder when 27468 is divided by 980?
28
Calculate the remainder when 475 is divided by 306.
169
What is the remainder when 1377 is divided by 115?
112
What is the remainder when 114567 is divided by 30?
27
What is the remainder when 152711 is divided by 21?
20
Calculate the remainder when 2538 is divided by 659.
561
What is the remainder when 4645517 is divided by 44?
41
Calculate the remainder when 60863 is divided by 5532.
11
Calculate the remainder when 290672 is divided by 89.
87
Calculate the remainder when 1157 is divided by 565.
27
Calculate the remainder when 80246 is divided by 750.
746
Calculate the remainder when 1773 is divided by 77.
2
What is the remainder when 2151 is divided by 1016?
119
Calculate the remainder when 16847 is divided by 8408.
31
Calculate the remainder when 2378 is divided by 96.
74
What is the remainder when 17395 is divided by 962?
79
What is the remainder when 5345 is divided by 266?
25
Calculate the remainder when 269 is divided by 260.
9
What is the remainder when 172137 is divided by 464?
457
Calculate the remainder when 459440 is divided by 5672.
8
Calculate the remainder when 101669 is divided by 293.
291
What is the remainder when 396484 is divided by 13?
10
What is the remainder when 15088 is divided by 43?
38
What is the remainder when 71413 is divided by 158?
155
What is the remainder when 871 is divided by 3?
1
What is the remainder when 53295 is divided by 42?
39
Calculate the remainder when 33061 is divided by 16521.
19
Calculate the remainder when 22324 is divided by 4439.
129
What is the remainder when 290947 is divided by 13?
7
Calculate the remainder when 692397 is divided by 1897.
1889
Calculate the remainder when 566 is divided by 261.
44
What is the remainder when 32412 is divided by 8099?
16
What is the remainder when 8408 is divided by 1077?
869
Calculate the remainder when 3484 is divided by 319.
294
What is the remainder when 18143 is divided by 80?
63
Calculate the remainder when 1049 is divided by 58.
5
Calculate the remainder when 3859 is divided by 192.
19
Calculate the remainder when 4045 is divided by 366.
19
What is the remainder when 19699 is divided by 176?
163
What is the remainder when 512 is divided by 122?
24
What is the remainder when 1709 is divided by 17?
9
What is the remainder when 7346 is divided by 1831?
22
Calculate the remainder when 494407 is divided by 16.
7
What is the remainder when 151007 is divided by 312?
311
What is the remainder when